{"id":59,"date":"2024-03-07T14:35:07","date_gmt":"2024-03-07T11:35:07","guid":{"rendered":"https:\/\/ozerkochukuk.com\/?page_id=59"},"modified":"2024-03-07T14:35:07","modified_gmt":"2024-03-07T11:35:07","slug":"miras-davalari","status":"publish","type":"page","link":"https:\/\/ozerkochukuk.com\/index.php\/miras-davalari\/","title":{"rendered":"Miras Davalar\u0131"},"content":{"rendered":"<header class=\"entry-header-outer\">\n<div class=\"entry-header\">\n<h1 class=\"post-title entry-title\">Miras Davalar\u0131<\/h1>\n<\/div>\n<\/header>\n<div class=\"entry-content entry clearfix\">\n<p>Di\u011fer t\u00fcm canl\u0131lar ile ayn\u0131 kaderi payla\u015fan insanlar da; do\u011fduklar\u0131 gibi \u00f6leceklerdir. Ancak modern hukukta oldu\u011fu gibi hukukumuzda da \u00f6l\u00fcme ayr\u0131ca bir anlam ve hukuki sonu\u00e7 ba\u011flanm\u0131\u015ft\u0131r. Bu da ki\u015finin \u00f6l\u00fcm\u00fc halinde; bir ba\u015fkas\u0131na devredebildi\u011fi t\u00fcm mal ve haklar\u0131n\u0131n miras\u00e7\u0131lar\u0131na kendili\u011finden intikal etmesi devrolunmas\u0131d\u0131r.<\/p>\n<p>Miras Hukuku bir ki\u015finin \u00f6l\u00fcm\u00fc halinde ya da \u00f6l\u00fcm\u00fc gibi sonu\u00e7 do\u011furan hallerde(hakk\u0131nda gaiplik karar\u0131 verilmesi, \u00f6l\u00fcm karinesinin varl\u0131\u011f\u0131 vs.)ki\u015finin m\u00fclkiyetinde bulunan ve bir ba\u015fkas\u0131na devri m\u00fcmk\u00fcn olan haklar\u0131n\u0131n ne olaca\u011f\u0131n\u0131, bu haklar\u0131n kimlere hangi ko\u015fullarda ve ne oranda devredilece\u011fini d\u00fczenleyen kurallar b\u00fct\u00fcn\u00fcd\u00fcr.<\/p>\n<p>\u0130\u015fte miras hukuku bu haklar\u0131n intikali konusunda ortaya \u00e7\u0131kan ya da \u00e7\u0131kmas\u0131 muhtemel uyu\u015fmazl\u0131klar\u0131n \u00e7\u00f6z\u00fclmesi amac\u0131yla kanun koyucu taraf\u0131ndan d\u00fczenlenen kurallardan olu\u015fmaktad\u0131r.<\/p>\n<p>Uygulamada bir \u00e7ok kez sorunlara neden olan Miras davalar\u0131 Medeni Hukuk i\u00e7erisinde \u00f6nemli bir yere sahiptir. Miras\u00e7\u0131lar aras\u0131ndaki uyu\u015fmazl\u0131klar \u00e7ok \u00e7e\u015fitli olup miras hukukuna ili\u015fkin bir \u00e7ok dava t\u00fcr\u00fc mevcuttur.<\/p>\n<p>Hukuk B\u00fcromuz, Miras Hukukuna ili\u015fkin davalarda m\u00fcvekkillerine a\u00e7\u0131lan ya da a\u00e7\u0131lacak davalarda haklar\u0131n\u0131 korumak ad\u0131na temsil etti\u011fi gibi dava a\u00e7\u0131lmadan \u00f6nce hukuki dan\u0131\u015fmanl\u0131k faaliyetleri ile de hizmet vermektedir.<\/p>\n<\/div>\n","protected":false},"excerpt":{"rendered":"<p>Miras Davalar\u0131 Di\u011fer t\u00fcm canl\u0131lar ile ayn\u0131 kaderi payla\u015fan insanlar da; do\u011fduklar\u0131 gibi \u00f6leceklerdir. Ancak modern hukukta oldu\u011fu gibi hukukumuzda da \u00f6l\u00fcme ayr\u0131ca bir anlam ve hukuki sonu\u00e7 ba\u011flanm\u0131\u015ft\u0131r. Bu da ki\u015finin \u00f6l\u00fcm\u00fc halinde; bir ba\u015fkas\u0131na devredebildi\u011fi t\u00fcm mal ve haklar\u0131n\u0131n miras\u00e7\u0131lar\u0131na kendili\u011finden intikal etmesi devrolunmas\u0131d\u0131r. Miras Hukuku bir ki\u015finin \u00f6l\u00fcm\u00fc halinde ya da \u00f6l\u00fcm\u00fc [&hellip;]<\/p>\n","protected":false},"author":1,"featured_media":0,"parent":0,"menu_order":0,"comment_status":"closed","ping_status":"closed","template":"","meta":{"_monsterinsights_skip_tracking":false,"_monsterinsights_sitenote_active":false,"_monsterinsights_sitenote_note":"","_monsterinsights_sitenote_category":0,"footnotes":""},"aioseo_notices":[],"_links":{"self":[{"href":"https:\/\/ozerkochukuk.com\/index.php\/wp-json\/wp\/v2\/pages\/59"}],"collection":[{"href":"https:\/\/ozerkochukuk.com\/index.php\/wp-json\/wp\/v2\/pages"}],"about":[{"href":"https:\/\/ozerkochukuk.com\/index.php\/wp-json\/wp\/v2\/types\/page"}],"author":[{"embeddable":true,"href":"https:\/\/ozerkochukuk.com\/index.php\/wp-json\/wp\/v2\/users\/1"}],"replies":[{"embeddable":true,"href":"https:\/\/ozerkochukuk.com\/index.php\/wp-json\/wp\/v2\/comments?post=59"}],"version-history":[{"count":2,"href":"https:\/\/ozerkochukuk.com\/index.php\/wp-json\/wp\/v2\/pages\/59\/revisions"}],"predecessor-version":[{"id":107,"href":"https:\/\/ozerkochukuk.com\/index.php\/wp-json\/wp\/v2\/pages\/59\/revisions\/107"}],"wp:attachment":[{"href":"https:\/\/ozerkochukuk.com\/index.php\/wp-json\/wp\/v2\/media?parent=59"}],"curies":[{"name":"wp","href":"https:\/\/api.w.org\/{rel}","templated":true}]}}