{"id":61,"date":"2024-03-07T14:34:29","date_gmt":"2024-03-07T11:34:29","guid":{"rendered":"https:\/\/ozerkochukuk.com\/?page_id=61"},"modified":"2024-03-07T14:34:29","modified_gmt":"2024-03-07T11:34:29","slug":"is-hukuku","status":"publish","type":"page","link":"https:\/\/ozerkochukuk.com\/index.php\/is-hukuku\/","title":{"rendered":"\u0130\u015f Hukuku"},"content":{"rendered":"<header class=\"entry-header-outer\">\n<div class=\"entry-header\">\n<h1 class=\"post-title entry-title\">\u0130\u015f Davalar\u0131<\/h1>\n<\/div>\n<\/header>\n<div class=\"entry-content entry clearfix\">\n<h2>\u0130\u015f (\u0130\u015f\u00e7i) Davalar\u0131 :<\/h2>\n<p>\u0130\u015f Hukuku Davalar\u0131 (\u0130\u015f\u00e7i Davalar\u0131) uzmanl\u0131k alanlar\u0131m\u0131zdan bir tanesidir.<\/p>\n<p>\u0130\u015f Davalar\u0131 denildi\u011finde genel olarak i\u015f\u00e7i ile i\u015fveren aras\u0131nda ger\u00e7ekle\u015fen ve i\u015f\u00e7ilik alacaklar\u0131na ili\u015fkin\u00a0 hukuki uyu\u015fmazl\u0131klar akla gelmektedir. Ancak i\u015f davalar\u0131 sadece i\u015f\u00e7i ile i\u015fveren aras\u0131ndaki davalardan ibaret olmad\u0131\u011f\u0131 gibi her zaman bir alacak talebi de zorunlu de\u011fildir.<\/p>\n<h2>\u0130\u015f\u00e7ilik Alacaklar\u0131:<\/h2>\n<p>\u0130\u015f akdi (s\u00f6zle\u015fmesi) ile birlikte i\u015f\u00e7i ile i\u015fveren aras\u0131nda iki tarafa y\u00fck\u00fcml\u00fcl\u00fck y\u00fckleyen bir hukuksal ili\u015fki ortaya \u00e7\u0131kmaktad\u0131r. \u0130\u015f\u00e7inin y\u00fck\u00fcml\u00fcl\u00fc\u011f\u00fc i\u015fveren taraf\u0131ndan kendisine verilen i\u015fleri yapmak, i\u015fverenin y\u00fck\u00fcml\u00fcl\u00fc\u011f\u00fc i\u015f\u00e7inin bu i\u015f kar\u015f\u0131l\u0131\u011f\u0131nda \u00fccretinin \u00f6denmesidir. Ancak y\u00fck\u00fcml\u00fcl\u00fckler bunlardan ibaret de de\u011fildir. \u0130\u015fveren i\u015f hukukundan kaynaklanan i\u015f\u00e7inin t\u00fcm haklar\u0131n\u0131 tam olarak vermekle, i\u015f\u00e7i ise i\u015fini tam, eksiksiz, gerekli dikkat ve \u00f6zeni g\u00f6stererek yapmak ve i\u015fveren aleyhinde herhangi bir giri\u015fimde bulunmamak \u015feklindeki yan y\u00fck\u00fcml\u00fcl\u00fckler bulunmaktad\u0131r.<\/p>\n<p>\u0130\u015f\u00e7ilik alacaklar\u0131na ili\u015fkin hukuki uyu\u015fmazl\u0131klar\u0131 (dava\/talep) t\u00fcrlerini Feshe Ba\u011fl\u0131 \u0130\u015f\u00e7ilik Alacaklar\u0131 ile Feshe Ba\u011fl\u0131 Olmayan \u0130\u015f\u00e7ilik Alacaklar\u0131 olmak \u00fczere iki kategoride incelemekteyiz.<\/p>\n<h3>Feshe Ba\u011fl\u0131 \u0130\u015f\u00e7ilik Alacaklar\u0131 :<\/h3>\n<p>\u0130\u015f s\u00f6zle\u015fmesinin sona ermesi sonucunda ve di\u011fer ko\u015fullar\u0131n\u0131n da bulunmas\u0131 halinde i\u015f\u00e7i taraf\u0131ndan talep edilebilen i\u015f\u00e7ilik alacaklar\u0131d\u0131r. Burada \u00f6n ko\u015ful i\u015f s\u00f6zle\u015fmesinin sona ermi\u015f olmas\u0131d\u0131r. \u0130\u015f s\u00f6zle\u015fmesi devam ederken i\u015f\u00e7inin bu alacaklar\u0131n\u0131 talep etme hakk\u0131 bulunmamaktad\u0131r.<\/p>\n<p>K\u0131dem Tazminat\u0131, \u0130hbar Tazminat\u0131, Y\u0131ll\u0131k \u0130zin \u00dccreti, K\u00f6t\u00fc Niyet Tazminat\u0131 gibi i\u015f\u00e7ilik alacaklar\u0131 feshe ba\u011fl\u0131 i\u015f\u00e7ilik alacaklar\u0131d\u0131r. Bu y\u00f6n\u00fcyle \u00f6rne\u011fin i\u015f s\u00f6zle\u015fmesi sona ermemi\u015f ise i\u015f\u00e7i k\u0131dem tazminat\u0131 ya da y\u0131ll\u0131k izin \u00fccreti talepli bir dava a\u00e7mas\u0131 halinde i\u015f s\u00f6zle\u015fmesi halen devam etti\u011finden bahisle davas\u0131 red edilecektir.<\/p>\n<h3>Feshe Ba\u011fl\u0131 Olmayan \u0130\u015f\u00e7ilik Alacaklar\u0131:<\/h3>\n<p>Bu i\u015f\u00e7ilik alacaklar\u0131 i\u015f s\u00f6zle\u015fmesi sona ermi\u015f olsun ya da olmas\u0131n, i\u015f\u00e7i halen i\u015f akdi ile hizmet g\u00f6rmeye devam etse dahi i\u015fverene kar\u015f\u0131 bu taleplerini dava yoluyla talep edebilir.<\/p>\n<p>Feshe Ba\u011fl\u0131 Olmayan \u0130\u015f\u00e7ilik Alacaklar\u0131na \u00f6rnek olarak: \u0130\u015f\u00e7ilik \u00dccret Alaca\u011f\u0131, Fazla Mesai (\u00c7al\u0131\u015fma) \u00dccret Alaca\u011f\u0131, \u0130kramiye Alaca\u011f\u0131, Ulusal Bayram ve Tatil G\u00fcnlerinde Yap\u0131lan \u00c7al\u0131\u015fmalar Nedeniyle \u00dccret Alaca\u011f\u0131, Hafta Tatili \u00dccreti gibi \u00fccretler feshe ba\u011fl\u0131 olmayan, i\u015f\u00e7iler taraf\u0131ndan i\u015fveren aleyhine i\u015f s\u00f6zle\u015fmesi devam ederken a\u00e7abilecekleri dava t\u00fcrleridir.<\/p>\n<p>Ancak her i\u015f davas\u0131n\u0131n muhakkak bir alacak talebi i\u00e7ermesi gerekmemektedir. Bazen bir tespit davas\u0131 a\u00e7\u0131lmas\u0131 da m\u00fcmk\u00fcnd\u00fcr.<\/p>\n<p>\u00d6rne\u011fin Hizmet Tespiti davalar\u0131nda kural olarak i\u015f\u00e7inin \u00e7al\u0131\u015fma s\u00fcresinin tespiti ve tescili istenir.<\/p>\n<p>Veya feshin ge\u00e7ersizli\u011finin tespiti istenerek \u0130\u015fe \u0130ade \u0130stemine y\u00f6nelik dava a\u00e7\u0131labilir.<\/p>\n<p>&nbsp;<\/p>\n<\/div>\n","protected":false},"excerpt":{"rendered":"<p>\u0130\u015f Davalar\u0131 \u0130\u015f (\u0130\u015f\u00e7i) Davalar\u0131 : \u0130\u015f Hukuku Davalar\u0131 (\u0130\u015f\u00e7i Davalar\u0131) uzmanl\u0131k alanlar\u0131m\u0131zdan bir tanesidir. \u0130\u015f Davalar\u0131 denildi\u011finde genel olarak i\u015f\u00e7i ile i\u015fveren aras\u0131nda ger\u00e7ekle\u015fen ve i\u015f\u00e7ilik alacaklar\u0131na ili\u015fkin\u00a0 hukuki uyu\u015fmazl\u0131klar akla gelmektedir. Ancak i\u015f davalar\u0131 sadece i\u015f\u00e7i ile i\u015fveren aras\u0131ndaki davalardan ibaret olmad\u0131\u011f\u0131 gibi her zaman bir alacak talebi de zorunlu de\u011fildir. \u0130\u015f\u00e7ilik Alacaklar\u0131: [&hellip;]<\/p>\n","protected":false},"author":1,"featured_media":0,"parent":0,"menu_order":0,"comment_status":"closed","ping_status":"closed","template":"","meta":{"_monsterinsights_skip_tracking":false,"_monsterinsights_sitenote_active":false,"_monsterinsights_sitenote_note":"","_monsterinsights_sitenote_category":0,"footnotes":""},"aioseo_notices":[],"_links":{"self":[{"href":"https:\/\/ozerkochukuk.com\/index.php\/wp-json\/wp\/v2\/pages\/61"}],"collection":[{"href":"https:\/\/ozerkochukuk.com\/index.php\/wp-json\/wp\/v2\/pages"}],"about":[{"href":"https:\/\/ozerkochukuk.com\/index.php\/wp-json\/wp\/v2\/types\/page"}],"author":[{"embeddable":true,"href":"https:\/\/ozerkochukuk.com\/index.php\/wp-json\/wp\/v2\/users\/1"}],"replies":[{"embeddable":true,"href":"https:\/\/ozerkochukuk.com\/index.php\/wp-json\/wp\/v2\/comments?post=61"}],"version-history":[{"count":3,"href":"https:\/\/ozerkochukuk.com\/index.php\/wp-json\/wp\/v2\/pages\/61\/revisions"}],"predecessor-version":[{"id":105,"href":"https:\/\/ozerkochukuk.com\/index.php\/wp-json\/wp\/v2\/pages\/61\/revisions\/105"}],"wp:attachment":[{"href":"https:\/\/ozerkochukuk.com\/index.php\/wp-json\/wp\/v2\/media?parent=61"}],"curies":[{"name":"wp","href":"https:\/\/api.w.org\/{rel}","templated":true}]}}