{"id":71,"date":"2024-03-07T14:35:39","date_gmt":"2024-03-07T11:35:39","guid":{"rendered":"https:\/\/ozerkochukuk.com\/?page_id=71"},"modified":"2024-03-07T14:35:39","modified_gmt":"2024-03-07T11:35:39","slug":"uyusmazlik-cozumu","status":"publish","type":"page","link":"https:\/\/ozerkochukuk.com\/index.php\/uyusmazlik-cozumu\/","title":{"rendered":"Uyu\u015fmazl\u0131k \u00c7\u00f6z\u00fcm\u00fc"},"content":{"rendered":"<p><strong>Dava ve uyu\u015fmazl\u0131k \u00e7\u00f6z\u00fcm\u00fc<\/strong>, taraflar\u0131n hukuki yollara ba\u015fvurmadan \u00f6nce kar\u015f\u0131l\u0131kl\u0131 olarak bir uzla\u015fma sa\u011flanabilmesi ve sorunlar\u0131n her iki taraf\u0131n da lehine olacak \u015fekilde sonu\u00e7lanmas\u0131 i\u00e7in dan\u0131\u015fmanl\u0131k hizmeti verilmesine verilen isimdir. Avukatlar, m\u00fcvekkillerinin davada ta\u015f\u0131d\u0131\u011f\u0131 hukuki riskleri belirler ve bu risklerin \u00f6n\u00fcne ge\u00e7mek ad\u0131na eylem plan\u0131 olu\u015fturur.<\/p>\n<p>H\u00fcr Hukuk B\u00fcrosu avukatlar\u0131,\u00a0<strong>dava ve uyu\u015fmazl\u0131k \u00e7\u00f6z\u00fcm\u00fc<\/strong>\u00a0konusunda ulusal ve uluslararas\u0131 t\u00fcm unsurlar\u0131n takibindedir ve deneyime sahiptir. T\u00fcm hukuk dallar\u0131nda dava takibi hizmetimiz mevcut. En ba\u015fta da ticari faaliyetlerden dolay\u0131 olu\u015fan ithaflara ba\u011fl\u0131 davalar\u0131n takibi, tahkim ve \u00e7\u00f6z\u00fcm\u00fc hizmetine b\u00fcromuzdaki yetkin avukatlar sayesinde ger\u00e7ekle\u015ftiriyoruz. Avukatlar\u0131m\u0131z\u0131n sa\u011flad\u0131\u011f\u0131 hizmetlerden baz\u0131lar\u0131n\u0131 birka\u00e7 maddede belirtmek m\u00fcmk\u00fcn.<\/p>\n<ul>\n<li>Ticari uyu\u015fmazl\u0131klar,<\/li>\n<li>Ticari faaliyetlerde t\u00fcketicinin korunmas\u0131,<\/li>\n<li>Fikri ve sinai m\u00fclkiyet haklar\u0131n\u0131n korunmas\u0131,<\/li>\n<li>Birle\u015fme ya da sat\u0131n al\u0131mlar sonras\u0131nda ya\u015fanan uyu\u015fmazl\u0131klar\u0131n \u00e7\u00f6z\u00fcm\u00fc,<\/li>\n<li>Hizmet ve istihdamda ya\u015fanan uyu\u015fmazl\u0131klar\u0131n \u00e7\u00f6z\u00fcm\u00fc,<\/li>\n<\/ul>\n<h2>Dava ve Uyu\u015fmazl\u0131k \u00c7\u00f6z\u00fcm\u00fc Avukat\u0131<\/h2>\n<p><strong>Dava ve uyu\u015fmazl\u0131k \u00e7\u00f6z\u00fcm\u00fc<\/strong>\u00a0avukat\u0131n\u0131n en temel g\u00f6revi, m\u00fcvekkillerinin sorun ya\u015famamas\u0131 ad\u0131na potansiyel risk fakt\u00f6rlerini saptayarak hukuki \u00f6nlemler almas\u0131d\u0131r. Ald\u0131\u011f\u0131 bu \u00f6nlemler sayesinde risk fakt\u00f6r\u00fc minimum seviyeye iner ve hatta tamamen engellenmi\u015f olur. G\u00f6r\u00fclece\u011fi \u00fczere avukat burada sadece hukuki dan\u0131\u015fmanl\u0131k yapmaz. Ayn\u0131 zamanda risk y\u00f6netimi \u00e7al\u0131\u015fmas\u0131nda da bulunur.<\/p>\n<p><strong>Uyu\u015fmazl\u0131k \u00e7\u00f6z\u00fcm\u00fc<\/strong>\u00a0avukat\u0131n\u0131n \u00f6ncelikli hedefi sorunu en az maliyetle \u00e7\u00f6z\u00fcme kavu\u015fturmakt\u0131r. Bunun sebebi hukuki s\u00fcre\u00e7 ne kadar k\u0131sa s\u00fcrede tamamlan\u0131rsa, m\u00fcvekkil ticari de\u011ferini kaybetmesin. Hem hukuki s\u00fcre\u00e7 kazan\u0131ls\u0131n hem de ekonomik anlamda da zarar u\u011fran\u0131lmas\u0131n. Bu sebeple\u00a0<strong>H\u00fcr Hukuk B\u00fcrosu<\/strong>\u00a0b\u00fcnyemizde faaliyet g\u00f6steren uyu\u015fmazl\u0131k avukatlar\u0131, problemlerin b\u00fcy\u00fck bir krize d\u00f6n\u00fc\u015fmemesi ad\u0131na taraflar\u0131 bir araya getirmek i\u00e7in m\u00fccadele eder. Bu ba\u015far\u0131lamaz ise m\u00fcvekkillerimizin lehine sonu\u00e7lanmas\u0131 i\u00e7in hukuki mevzuat\u0131n tan\u0131d\u0131\u011f\u0131 t\u00fcm ara\u00e7lar kullan\u0131l\u0131r. K\u0131sacas\u0131 uzun y\u0131llard\u0131r edindi\u011fimiz bilgi ve tecr\u00fcbelerimizi m\u00fcvekkillerimiz i\u00e7in en verimli \u015fekilde kullanmaktay\u0131z.<\/p>\n<h2>Uyu\u015fmazl\u0131k \u00c7\u00f6z\u00fcm\u00fc Alternatifleri<\/h2>\n<p>Taraflar aras\u0131nda ya\u015fanan uyu\u015fmazl\u0131klar\u0131n mahkeme d\u0131\u015f\u0131nda, yani hukuki bir s\u00fcre\u00e7 ba\u015flat\u0131lmadan \u00e7\u00f6z\u00fcme kavu\u015fturma uygulamalar\u0131na\u00a0<strong>uyu\u015fmazl\u0131k \u00e7\u00f6z\u00fcm\u00fc alternatifleri<\/strong>\u00a0denmektedir. Bu hizmetin g\u00fcn\u00fcm\u00fczde \u015firketler taraf\u0131ndan s\u0131kl\u0131kla tercih edilmesinin en temel sebebi, her iki taraf i\u00e7in h\u0131zl\u0131 ve d\u00fc\u015f\u00fck maliyetli bir sonu\u00e7 olu\u015fturmas\u0131d\u0131r.\u00a0Uyu\u015fmazl\u0131k\u00a0\u00e7\u00f6z\u00fcm\u00fc, mahkemelerin ger\u00e7ekle\u015ftirdi\u011fi yarg\u0131lamalara bir alternatif olarak g\u00f6r\u00fclmemeli. Aksine, sorunlara kar\u015f\u0131 taraflara makul se\u00e7enekler sunan bir \u00e7\u00f6z\u00fcm alternatifidir.<\/p>\n<p>Uyu\u015fmazl\u0131k \u00e7\u00f6z\u00fcm\u00fc uygulamas\u0131n\u0131n eylemde bir\u00e7ok farkl\u0131 y\u00f6ntemi bulunur. Bu y\u00f6ntemlerin hangisinin m\u00fcvekkile uygun oldu\u011funa, deneyimli\u00a0<strong>dava ve uyu\u015fmazl\u0131k \u00e7\u00f6z\u00fcm avukat\u0131<\/strong>\u00a0taraf\u0131ndan karar verilir. Avukatlar, taraflar\u0131n sorunu hakk\u0131nda detayl\u0131 bir analiz yapar ve \u00e7\u00f6z\u00fcme en h\u0131zl\u0131 ve etkili \u015fekilde ula\u015ft\u0131racak tekni\u011fi se\u00e7er. Peki\u00a0<strong>uyu\u015fmazl\u0131k \u00e7\u00f6z\u00fcm\u00fc alternatifleri<\/strong>\u00a0nelerdir? O tekniklerden baz\u0131lar\u0131n\u0131 \u015fu \u015fekilde listelemek m\u00fcmk\u00fcn:<\/p>\n<ul>\n<li>Tahkim,<\/li>\n<li>Arabuluculuk,<\/li>\n<li>Uzla\u015ft\u0131rma y\u00f6ntemleri,<\/li>\n<li>Tarafs\u0131z \u00f6n de\u011ferlendirme,<\/li>\n<li>Vaka saptamas\u0131,<\/li>\n<li>K\u0131sa duru\u015fma<\/li>\n<\/ul>\n<p>Bu listeye sulh ve m\u00fczakere alternatifleri de eklenebilir. H\u00fcr Hukuk B\u00fcrosunu tercih etti\u011finizde t\u00fcm bu uzla\u015fma alternatiflerine sahip olursunuz. Bu alandaki uzman avukatlar\u0131m\u0131z uzla\u015fma s\u00fcre\u00e7lerinizin lehinize sonu\u00e7lanmas\u0131 ad\u0131na t\u00fcm deneyimlerini ortaya koyar.<\/p>\n","protected":false},"excerpt":{"rendered":"<p>Dava ve uyu\u015fmazl\u0131k \u00e7\u00f6z\u00fcm\u00fc, taraflar\u0131n hukuki yollara ba\u015fvurmadan \u00f6nce kar\u015f\u0131l\u0131kl\u0131 olarak bir uzla\u015fma sa\u011flanabilmesi ve sorunlar\u0131n her iki taraf\u0131n da lehine olacak \u015fekilde sonu\u00e7lanmas\u0131 i\u00e7in dan\u0131\u015fmanl\u0131k hizmeti verilmesine verilen isimdir. Avukatlar, m\u00fcvekkillerinin davada ta\u015f\u0131d\u0131\u011f\u0131 hukuki riskleri belirler ve bu risklerin \u00f6n\u00fcne ge\u00e7mek ad\u0131na eylem plan\u0131 olu\u015fturur. H\u00fcr Hukuk B\u00fcrosu avukatlar\u0131,\u00a0dava ve uyu\u015fmazl\u0131k \u00e7\u00f6z\u00fcm\u00fc\u00a0konusunda ulusal ve [&hellip;]<\/p>\n","protected":false},"author":1,"featured_media":0,"parent":0,"menu_order":0,"comment_status":"closed","ping_status":"closed","template":"","meta":{"_monsterinsights_skip_tracking":false,"_monsterinsights_sitenote_active":false,"_monsterinsights_sitenote_note":"","_monsterinsights_sitenote_category":0,"footnotes":""},"aioseo_notices":[],"_links":{"self":[{"href":"https:\/\/ozerkochukuk.com\/index.php\/wp-json\/wp\/v2\/pages\/71"}],"collection":[{"href":"https:\/\/ozerkochukuk.com\/index.php\/wp-json\/wp\/v2\/pages"}],"about":[{"href":"https:\/\/ozerkochukuk.com\/index.php\/wp-json\/wp\/v2\/types\/page"}],"author":[{"embeddable":true,"href":"https:\/\/ozerkochukuk.com\/index.php\/wp-json\/wp\/v2\/users\/1"}],"replies":[{"embeddable":true,"href":"https:\/\/ozerkochukuk.com\/index.php\/wp-json\/wp\/v2\/comments?post=71"}],"version-history":[{"count":2,"href":"https:\/\/ozerkochukuk.com\/index.php\/wp-json\/wp\/v2\/pages\/71\/revisions"}],"predecessor-version":[{"id":109,"href":"https:\/\/ozerkochukuk.com\/index.php\/wp-json\/wp\/v2\/pages\/71\/revisions\/109"}],"wp:attachment":[{"href":"https:\/\/ozerkochukuk.com\/index.php\/wp-json\/wp\/v2\/media?parent=71"}],"curies":[{"name":"wp","href":"https:\/\/api.w.org\/{rel}","templated":true}]}}